{"id":66,"date":"2017-08-19T19:58:19","date_gmt":"2017-08-19T17:58:19","guid":{"rendered":"http:\/\/arts-culinaires.fr\/?page_id=66"},"modified":"2018-05-16T10:45:28","modified_gmt":"2018-05-16T08:45:28","slug":"le-client-mysterieux","status":"publish","type":"page","link":"https:\/\/arts-culinaires.fr\/?page_id=66","title":{"rendered":"Le client Myst\u00e9rieux"},"content":{"rendered":"<p>Vous \u00eates responsable d&rsquo;un \u00e9tablissement, un avis ext\u00e9rieur de professionnel vous int\u00e9resse?<br \/>\nVous d\u00e9sirez conna\u00eetre comment se passe le service de votre \u00e9tablissement, la qualit\u00e9 des mets et des produits vus par un tiers.<br \/>\nVous aimeriez avoir un audit complet d&rsquo;un client Myst\u00e8re!<br \/>\nN&rsquo;h\u00e9sitez pas \u00e0 me contacter!<\/p>\n","protected":false},"excerpt":{"rendered":"<p>Vous \u00eates responsable d&rsquo;un \u00e9tablissement, un avis ext\u00e9rieur de professionnel vous int\u00e9resse? Vous d\u00e9sirez conna\u00eetre comment se passe le service de votre \u00e9tablissement, la qualit\u00e9 des mets et des produits vus par un tiers. Vous aimeriez avoir un audit complet d&rsquo;un client Myst\u00e8re! N&rsquo;h\u00e9sitez pas \u00e0 me contacter!<\/p>\n","protected":false},"author":1,"featured_media":0,"parent":43,"menu_order":2,"comment_status":"closed","ping_status":"closed","template":"","meta":[],"_links":{"self":[{"href":"https:\/\/arts-culinaires.fr\/index.php?rest_route=\/wp\/v2\/pages\/66"}],"collection":[{"href":"https:\/\/arts-culinaires.fr\/index.php?rest_route=\/wp\/v2\/pages"}],"about":[{"href":"https:\/\/arts-culinaires.fr\/index.php?rest_route=\/wp\/v2\/types\/page"}],"author":[{"embeddable":true,"href":"https:\/\/arts-culinaires.fr\/index.php?rest_route=\/wp\/v2\/users\/1"}],"replies":[{"embeddable":true,"href":"https:\/\/arts-culinaires.fr\/index.php?rest_route=%2Fwp%2Fv2%2Fcomments&post=66"}],"version-history":[{"count":4,"href":"https:\/\/arts-culinaires.fr\/index.php?rest_route=\/wp\/v2\/pages\/66\/revisions"}],"predecessor-version":[{"id":175,"href":"https:\/\/arts-culinaires.fr\/index.php?rest_route=\/wp\/v2\/pages\/66\/revisions\/175"}],"up":[{"embeddable":true,"href":"https:\/\/arts-culinaires.fr\/index.php?rest_route=\/wp\/v2\/pages\/43"}],"wp:attachment":[{"href":"https:\/\/arts-culinaires.fr\/index.php?rest_route=%2Fwp%2Fv2%2Fmedia&parent=66"}],"curies":[{"name":"wp","href":"https:\/\/api.w.org\/{rel}","templated":true}]}}